lculate the highest common factor of f and 144.
9
Suppose -y - 195484 = -5*r, r - 195496 = -2*y + 3*y. Let c be 1/((-15)/2) - y/2055. Let j be (-5)/1*(-3)/3. Calculate the greatest common factor of c and j.
5
Let a = 285 + -125. Suppose a + 180 = 5*o. Let f be ((-1)/6)/(17/o)*-222. What is the highest common divisor of f and 37?
37
Let a = 48 - 45. Suppose -30*v - 15 = -35*v, 51 = 3*c - a*v. What is the greatest common factor of c and 640?
20
Suppose -14*j - 30 = -17*j. Suppose j*n - 2*n - 224 = 0. What is the greatest common factor of 154 and n?
14
Suppose 70 = 4*p + 2*w, 62 + 23 = 5*p + 3*w. Suppose -2*g = -5*y - 31, 4*g - 80 - 42 = -2*y. Calculate the highest common factor of p and g.
4
Suppose -i - 52 = -64. Let m be (i/14)/((-18)/(-420)*5). Calculate the highest common divisor of 16 and m.
4
Suppose -3*v + 37*v - 31212 = 0. Suppose -15*q + v = -6*q. What is the greatest common divisor of 136 and q?
34
Suppose 5*d = n + 32496, 0 = 3*d - 6*n + 4*n - 19506. What is the greatest common divisor of 9 and d?
9
Let s = 19562 + -11042. Calculate the highest common divisor of s and 240.
120
Suppose -41*o + 937 - 81 = -1727. Calculate the highest common factor of o and 1017.
9
Suppose 581*g - 241*g - 300*g = 1440. Let r(p) = -p**2 + p + 90. Let q be r(0). Calculate the greatest common factor of g and q.
18
Suppose -2*h + 3*k = -11, 3*h + h = -k + 15. Let p be (93 + -13)/(h/8). What is the highest common factor of 10 and p?
10
Let w be 2*-59*5*(-378)/54. Calculate the highest common divisor of w and 245.
35
Let z be -3*274/(-9)*(22 - -8). Calculate the greatest common divisor of z and 20.
20
Let s = 54 + -45. Let h be ((-2)/12 + s/(-27))*4. Let g be (-7)/h - (-1)/(-2). What is the highest common factor of g and 3?
3
Let z = 13776 + -13772. Calculate the highest common factor of z and 1244.
4
Suppose 0 = -266*j + 277*j - 66. Let d be (3 + -4)/((-3)/39). Suppose 66 = 3*t + 4*h, 2*h = 2*t - d - 17. What is the highest common divisor of j and t?
6
Suppose 4*w + 1726 = 2*a, -891 = -2*a - w + 840. Calculate the greatest common factor of 4671 and a.
173
Let v = -9563 - -9588. Calculate the greatest common factor of 5575 and v.
25
Let t(b) = 6*b**3 - b**2 - 120*b + 339. Let f be t(3). What is the greatest common divisor of f and 968?
44
Let o = 217 - 221. Let k be (3/6)/(2/(o + 96)). Calculate the greatest common factor of k and 115.
23
Let x(w) = w**3 - 9*w - 24 + 60*w**2 + 68*w**2 - 138*w**2. Let b be x(11). Let p be 1/(2/106) - (1 - b). Calculate the highest common factor of 125 and p.
25
Let w(b) = 82*b - 489. Let y be w(6). Calculate the greatest common factor of y and 192.
3
Let j = 47671 - 29426. Calculate the highest common factor of 205 and j.
205
Let v be (-3)/((-6)/4) - (-5 + 5). Suppose -v*j = -4*n - 14, -2*j - n - 4*n = 4. Let y be (-5)/(-5) - (-8 - j). What is the highest common factor of y and 48?
12
Let d(f) be the third derivative of f**5/30 - 7*f**4/24 + f**3/6 + f**2 - 11*f. Let r be d(4). Calculate the highest common factor of r and 125.
5
Let a = -237 + 141. Let q = a - -105. Suppose -8*f - 3 = -q*f. What is the greatest common divisor of 27 and f?
3
Let i(y) = 100*y**2 + 268*y + 4. Let v be i(-3). What is the greatest common factor of 400 and v?
100
Let c = 7175 - 5345. What is the highest common factor of 150 and c?
30
Suppose -29*s + 1610 = 56 - 215. Calculate the highest common factor of s and 14945.
61
Let u = -108 + 133. Suppose -u*n + 9*n + 2304 = 0. What is the greatest common divisor of n and 9?
9
Let l = -9 - -12. Let m be (3 - 4 - -2) + l. Let c(v) = -v + 4. Let n be c(0). Calculate the greatest common divisor of n and m.
4
Let g be 1/(-4) - (24/32 - 5). Suppose -s = -g*a - 7, -3*a = 3*s - 2*a - 8. What is the highest common factor of s and 39?
3
Suppose -2*c - 1126 = h - 5578, -3*c + 8910 = 2*h. What is the greatest common factor of 1736 and h?
248
Suppose -3*q = -q - 48. Let b(s) = 13*s + 297. Let c be b(-24). Let w be (-1516)/(-16) + c/(-12). Calculate the greatest common factor of q and w.
24
Suppose -h + 94 = -94. Suppose -3*v - 2*p + h = 0, 4*v + 6*p = p + 239. What is the greatest common divisor of v and 11?
11
Let d be (11 - (-16 + 25))/(1/232). What is the greatest common factor of d and 87?
29
Let h = 15524 + -15472. Calculate the greatest common divisor of 51012 and h.
52
Let n be 3*(-120)/(-25)*5/2. Let m(c) = -2*c + 60. Let l be m(-9). What is the greatest common factor of n and l?
6
Suppose 2*x - 883 = -4*n - 161, -2*x = 3*n - 543. Let j = -155 + n. Calculate the greatest common divisor of j and 216.
24
Let z be 152 - (-16 + (-8 - -23)). What is the greatest common factor of 3111 and z?
51
Let l(c) = 144*c - 2853. Let y be l(22). What is the highest common factor of 35 and y?
35
Suppose y - 4 = 0, 3*b = 2*y + 3*y + 112. Let c be -8 - (b + 3)*-4. What is the greatest common divisor of c and 135?
45
Let y = -28 + 53. Let n be (-90)/y*(14/(-6) + -1). Suppose -84 = -2*q + 5*f - f, -3*q - 3*f + 99 = 0. Calculate the greatest common factor of n and q.
12
Let w be (-1362)/(-114) - 10/(-190). What is the highest common factor of w and 1458?
6
Let b = 5242 - 5236. Calculate the greatest common divisor of b and 57.
3
Suppose 3*t + 560 = 5*c, -19*c + 18*c + 4*t + 95 = 0. Let h be (92/16)/(1/4). What is the highest common divisor of h and c?
23
Let z(l) = 8 + 3*l**2 + 2*l**3 - l**3 - 8*l**2 - 12*l. Suppose -m + 2 = 0, -4*m = 3*u + m - 31. Let w be z(u). What is the highest common factor of w and 11?
11
Let r = 83 + -60. Let q(v) = 9*v**2 - 4*v + 33. Let h be q(4). Calculate the greatest common divisor of r and h.
23
Let u be 4/(-6) - (-136)/6. Let z = 8183 + -8172. Calculate the greatest common divisor of u and z.
11
Let h be (19/38)/((-1)/(-6)). Let i = h + 14. Let n = -373 - -424. Calculate the highest common factor of n and i.
17
Suppose -3*h + 5307 = i + 1510, -4*i = -h - 15266. What is the highest common factor of 70 and i?
35
Let b = 4360 - 3739. Calculate the greatest common factor of b and 483.
69
Let s be (-2)/5 - 2446/10. Let k = -3434 + 3289. Let i = k - s. Calculate the greatest common divisor of i and 25.
25
Suppose -a = -4*a + 210. Let c(i) = -i - 43. Let z be c(-44). Suppose z = -29*k + 581. Calculate the greatest common factor of a and k.
10
Suppose 230 = 6*l - 3*l - 5*d, 5*l = -5*d + 370. Calculate the greatest common factor of l and 39.
3
Suppose 338*y - 352*y + 252 = 0. Suppose 8*u - 54 = 6*u. Calculate the greatest common divisor of y and u.
9
Let x = 27 - 17. Suppose -x*g - 120 = -20*g. What is the greatest common divisor of 198 and g?
6
Let b = 45 - -33. Let d be 18/12 - b/(-4). Let f(g) = g**3 + 3*g**2 - 8*g + 3. Let t be f(2). Calculate the greatest common divisor of d and t.
7
Suppose 2*l - 108*z = -106*z + 234, z = -2*l + 237. Suppose -5*i + 19 = -1. Suppose -10 = -i*o + l. Calculate the highest common factor of 64 and o.
32
Suppose -5*d + r = -1206, 5*r + 140 + 370 = 2*d. What is the highest common divisor of d and 255?
15
Let l = -329 - -336. Suppose q + 2021 = 5*h, l*h - 10*h + 1207 = -2*q. What is the highest common factor of 30 and h?
15
Let n(y) = 5*y - 56 - 5*y - 14*y. Let q be n(-5). Calculate the highest common divisor of q and 56.
14
Suppose -2*c = -3*c - 10. Let x = 28 + c. Suppose 20*z + j = 18*z + 89, -z = 28*j - 17. What is the highest common factor of z and x?
9
Let a be 80/(-192)*24/(-15)*(-3078)/(-4). What is the greatest common factor of a and 285?
57
Suppose 14*o + 560 = 19*o. Let x be (-5)/(-1) + (-20 - -17). Suppose -x*h + 15 = -2*i - 87, -15 = -3*i. What is the highest common divisor of h and o?
56
Let i = -4863 - -6615. What is the highest common factor of 24 and i?
24
Let m be 62/22 + (-488)/(-2684). Calculate the greatest common divisor of m and 423.
3
Suppose 2*k + 868 = 4*i + 7*k, -5*i - 4*k = -1085. Suppose 8*g + i = 2497. What is the greatest common divisor of g and 30?
15
Let h(b) be the third derivative of 0*b - 41/3*b**3 + 0 - 1/4*b**4 - 9*b**2. Let x be h(-21). Calculate the highest common factor of x and 110.
22
Suppose -5*t + 74 = 3*q, -6 - 49 = -4*t - q. Suppose -t*x = -18 - 47. What is the highest common divisor of x and 505?
5
Suppose 18*z = -20*z + 6080. Let o = z - 65. Calculate the greatest common factor of o and 95.
95
Suppose 45*g - 43*g = 3*n - 84, -2